ivided by 38042?
29
What is the remainder when 67737 is divided by 8465?
17
What is the remainder when 171259 is divided by 55619?
4402
What is the remainder when 24539353 is divided by 186?
1
Calculate the remainder when 2271332 is divided by 1893.
1625
What is the remainder when 328819 is divided by 109013?
1780
Calculate the remainder when 222075 is divided by 221843.
232
What is the remainder when 86659 is divided by 284?
39
Calculate the remainder when 110422882 is divided by 36807624.
10
What is the remainder when 84771763 is divided by 959?
958
Calculate the remainder when 20315 is divided by 1354.
5
Calculate the remainder when 2469446047 is divided by 58.
57
What is the remainder when 32176 is divided by 646?
522
What is the remainder when 204861466 is divided by 917?
915
What is the remainder when 18092 is divided by 2223?
308
What is the remainder when 1194445 is divided by 6126?
6001
Calculate the remainder when 22950842 is divided by 11475392.
58
Calculate the remainder when 712315 is divided by 384.
379
Calculate the remainder when 109895329 is divided by 41252.
1
What is the remainder when 99874953 is divided by 469?
465
What is the remainder when 365029053 is divided by 168?
165
What is the remainder when 598387 is divided by 10320?
10147
What is the remainder when 801490281 is divided by 7308?
7305
Calculate the remainder when 133111 is divided by 3627.
2539
Calculate the remainder when 10369734 is divided by 35271.
60
What is the remainder when 40594381 is divided by 221?
217
What is the remainder when 1109567 is divided by 2912?
95
Calculate the remainder when 481445 is divided by 96287.
10
Calculate the remainder when 15104457 is divided by 15104443.
14
Calculate the remainder when 727807 is divided by 10.
7
What is the remainder when 1628278 is divided by 542755?
13
Calculate the remainder when 604324 is divided by 322.
252
Calculate the remainder when 217656 is divided by 54401.
52
What is the remainder when 1973144 is divided by 3306?
2768
What is the remainder when 41128 is divided by 1080?
88
Calculate the remainder when 4488323 is divided by 174.
167
What is the remainder when 121781465 is divided by 21809?
9
Calculate the remainder when 610191 is divided by 300.
291
What is the remainder when 17612897 is divided by 31?
30
What is the remainder when 108204 is divided by 6373?
6236
Calculate the remainder when 9356105 is divided by 774.
767
What is the remainder when 1920750 is divided by 14020?
10
Calculate the remainder when 302967945 is divided by 1973.
1957
Calculate the remainder when 861095 is divided by 5779.
24
Calculate the remainder when 9631035 is divided by 38.
11
Calculate the remainder when 70943 is divided by 9888.
1727
Calculate the remainder when 61533 is divided by 2417.
1108
Calculate the remainder when 132953 is divided by 33119.
477
What is the remainder when 1683427 is divided by 1291?
1254
Calculate the remainder when 83717407 is divided by 64.
31
Calculate the remainder when 1910 is divided by 1116.
794
What is the remainder when 15566 is divided by 15534?
32
What is the remainder when 12737714 is divided by 16961?
3
What is the remainder when 59374 is divided by 1693?
119
Calculate the remainder when 13354821 is divided by 458.
457
What is the remainder when 90730529 is divided by 255?
254
Calculate the remainder when 680981 is divided by 5731.
4723
Calculate the remainder when 423228 is divided by 4754.
122
What is the remainder when 6092392 is divided by 56411?
4
Calculate the remainder when 79977 is divided by 658.
359
What is the remainder when 797868 is divided by 2953?
558
What is the remainder when 349986 is divided by 6043?
5535
What is the remainder when 164998 is divided by 2412?
982
What is the remainder when 2621546 is divided by 524303?
31
What is the remainder when 4883622 is divided by 195342?
72
Calculate the remainder when 1747019 is divided by 7189.
92
What is the remainder when 41892337 is divided by 9395?
32
Calculate the remainder when 62151 is divided by 545.
21
What is the remainder when 75793 is divided by 25246?
55
What is the remainder when 116125 is divided by 2410?
445
What is the remainder when 64276866 is divided by 86?
36
Calculate the remainder when 8625952 is divided by 444.
364
What is the remainder when 12253 is divided by 273?
241
What is the remainder when 2525 is divided by 371?
299
What is the remainder when 335428 is divided by 1226?
730
What is the remainder when 1457289 is divided by 4470?
69
What is the remainder when 71518031 is divided by 17879486?
87
What is the remainder when 11308 is divided by 415?
103
What is the remainder when 2763182 is divided by 352?
334
Calculate the remainder when 1763390 is divided by 587559.
713
What is the remainder when 1219135 is divided by 459?
31
What is the remainder when 177350047 is divided by 2333553?
19
Calculate the remainder when 134888 is divided by 44832.
392
Calculate the remainder when 26247 is divided by 3749.
4
What is the remainder when 78133 is divided by 1186?
1043
Calculate the remainder when 79835 is divided by 8067.
7232
Calculate the remainder when 774612 is divided by 26705.
167
Calculate the remainder when 156798 is divided by 400.
398
Calculate the remainder when 50983 is divided by 16985.
28
What is the remainder when 80733 is divided by 74?
73
What is the remainder when 9224678 is divided by 62?
8
What is the remainder when 31008120 is divided by 1473?
1470
Calculate the remainder when 59723306 is divided by 8531895.
41
What is the remainder when 205319748 is divided by 273?
270
What is the remainder when 20291613 is divided by 12?
9
What is the remainder when 2998963179 is divided by 2518?
2517
What is the remainder when 21219910 is divided by 4243982?
0
Calculate the remainder when 223584598 is divided by 3902.
3900
What is the remainder when 34892 is divided by 3821?
503
What is the remainder when 394685 is divided by 147?
137
Calculate the remainder when 21004604 is divided by 9.
8
What is the remainder when 710298417 is divided by 780?
777
Calculate the remainder when 2156525 is divided by 119.
7
What is the remainder when 798083 is divided by 66502?
59
Calculate the remainder when 259639 is divided by 946.
435
What is the remainder when 13615898 is divided by 177?
173
What is the remainder when 19055245 is divided by 4414?
7
Calculate the remainder when 93767 is divided by 119.
114
What is the remainder when 25966988 is divided by 20?
8
What is the remainder when 166320652 is divided by 770003?
4
What is the remainder when 228921715 is divided by 87?
7
What is the remainder when 80630 is divided by 5748?
158
Calculate the remainder when 1257491 is divided by 133.
109
What is the remainder when 113905 is divided by 3304?
1569
What is the remainder when 4708012 is divided by 890?
802
What is the remainder when 121342 is divided by 119624?
1718
Calculate the remainder when 70921 is divided by 766.
449
Calculate the remainder when 1566025 is divided by 6721.
32
What is the remainder when 328581 is divided by 328560?
21
What is the remainder when 2787156 is divided by 8?
4
Calculate the remainder when 22235923 is divided by 78.
73
Calculate the remainder when 1717383 is divided by 2302.
91
Calculate the remainder when 3776225 is divided by 1258739.
8
What is the remainder when 65021347 is divided by 50?
47
Calculate the remainder when 187388 is divided by 93415.
558
Calculate the remainder when 89197787 is divided by 3512.
11
What is the remainder when 861101 is divided by 5398?
2819
What is the remainder when 842931 is divided by 842553?
378
What is the remainder when 28288659 is divided by 1698?
1677
What is the remainder when 4632484 is divided by 88?
76
Calculate the remainder when 630661 is divided by 514.
497
Calculate the remainder when 9500803 is divided by 791732.
19
Calculate the remainder when 2156392 is divided by 600.
592
Calculate the remainder when 5251297 is divided by 2625624.
49
Calculate the remainder when 9535563 is divided by 33341.
37
Calculate the remainder when 271514 is divided by 1617.
1475
What is the remainder when 16237022 is divided by 51?
50
What is the remainder when 1304887 is divided by 839?
242
What is the remainder when 584719 is divided by 4828?
531